 of 6027 and 12.
3
Calculate the greatest common divisor of 4 and 34.
2
Calculate the highest common divisor of 508 and 92.
4
What is the greatest common divisor of 80 and 740?
20
Calculate the greatest common factor of 91 and 6487.
13
Calculate the greatest common divisor of 513 and 162.
27
What is the greatest common factor of 1332 and 18?
18
What is the greatest common divisor of 19129 and 74?
37
Calculate the highest common divisor of 296 and 8.
8
What is the highest common factor of 165 and 5016?
33
Calculate the highest common divisor of 27 and 2007.
9
What is the greatest common divisor of 1512 and 72?
72
What is the highest common divisor of 348 and 2808?
12
Calculate the highest common factor of 92 and 512.
4
What is the highest common factor of 92 and 3266?
46
What is the greatest common divisor of 38 and 722?
38
What is the greatest common factor of 30 and 1554?
6
What is the greatest common factor of 480 and 78?
6
What is the highest common factor of 9 and 111?
3
What is the highest common factor of 36855 and 9?
9
Calculate the greatest common divisor of 5472 and 108.
36
Calculate the greatest common divisor of 308 and 60.
4
What is the highest common divisor of 32 and 352?
32
What is the greatest common divisor of 306 and 234?
18
What is the greatest common divisor of 800 and 32?
32
What is the highest common factor of 252 and 72?
36
What is the highest common divisor of 7992 and 36?
36
Calculate the highest common factor of 27 and 1431.
27
What is the highest common divisor of 10000 and 48?
16
Calculate the greatest common factor of 1300 and 60.
20
What is the greatest common factor of 66 and 165?
33
What is the greatest common factor of 266 and 513?
19
Calculate the greatest common divisor of 39 and 141.
3
Calculate the greatest common divisor of 30 and 9.
3
Calculate the greatest common factor of 525 and 210.
105
Calculate the highest common divisor of 117 and 36.
9
What is the greatest common factor of 38 and 266?
38
Calculate the greatest common divisor of 26 and 2106.
26
What is the greatest common divisor of 3145 and 85?
85
What is the highest common divisor of 85 and 74885?
85
Calculate the highest common factor of 187 and 119.
17
Calculate the greatest common factor of 8 and 8.
8
What is the greatest common divisor of 221 and 51?
17
What is the highest common divisor of 1817 and 161?
23
What is the highest common divisor of 12 and 636?
12
What is the highest common factor of 74300 and 100?
100
Calculate the highest common divisor of 3 and 759.
3
What is the greatest common factor of 352 and 22?
22
Calculate the greatest common divisor of 35 and 140.
35
Calculate the greatest common divisor of 32 and 784.
16
Calculate the greatest common factor of 372 and 108.
12
Calculate the highest common factor of 35 and 5.
5
What is the greatest common divisor of 9 and 39?
3
Calculate the highest common factor of 2313 and 9.
9
What is the greatest common factor of 19418 and 73?
73
Calculate the greatest common divisor of 1659 and 7584.
237
What is the greatest common factor of 28 and 14?
14
Calculate the highest common divisor of 3070 and 30.
10
What is the greatest common divisor of 583 and 187?
11
What is the greatest common divisor of 120 and 18?
6
Calculate the greatest common divisor of 406 and 986.
58
Calculate the highest common factor of 1582 and 168.
14
Calculate the highest common factor of 4510 and 44.
22
What is the greatest common factor of 42 and 9268?
14
What is the highest common factor of 342 and 95?
19
What is the highest common factor of 172 and 64?
4
Calculate the highest common divisor of 68 and 765.
17
Calculate the highest common factor of 71895 and 15.
15
What is the greatest common divisor of 44 and 16?
4
Calculate the greatest common factor of 46 and 1150.
46
Calculate the highest common divisor of 788 and 9259.
197
What is the highest common factor of 680 and 527?
17
Calculate the highest common divisor of 611 and 8.
1
Calculate the greatest common divisor of 44 and 33.
11
Calculate the greatest common divisor of 29625 and 50.
25
Calculate the highest common factor of 944 and 354.
118
Calculate the greatest common divisor of 42 and 3262.
14
Calculate the greatest common factor of 306 and 85.
17
Calculate the highest common factor of 29 and 116.
29
What is the greatest common factor of 3100 and 1054?
62
Calculate the greatest common factor of 2 and 1852.
2
Calculate the greatest common factor of 324 and 3096.
36
What is the greatest common divisor of 567 and 78?
3
Calculate the highest common divisor of 890 and 6.
2
What is the greatest common divisor of 480 and 456?
24
What is the highest common divisor of 9 and 54?
9
What is the greatest common divisor of 2 and 71?
1
What is the highest common divisor of 29 and 75?
1
Calculate the highest common factor of 301 and 14.
7
What is the greatest common factor of 7172 and 110?
22
What is the highest common divisor of 2601 and 612?
153
What is the greatest common divisor of 32 and 2592?
32
Calculate the greatest common divisor of 14 and 980.
14
Calculate the highest common factor of 3828 and 290.
58
Calculate the greatest common factor of 52 and 52.
52
Calculate the highest common divisor of 1037 and 2562.
61
Calculate the greatest common factor of 94 and 329.
47
Calculate the highest common divisor of 72 and 4008.
24
Calculate the greatest common factor of 665 and 70.
35
What is the highest common divisor of 28 and 742?
14
Calculate the greatest common divisor of 45 and 1215.
45
What is the greatest common divisor of 96 and 324?
12
What is the greatest common divisor of 27 and 24?
3
What is the highest common divisor of 42 and 189?
21
What is the highest common factor of 18722 and 2024?
506
Calculate the highest common divisor of 8958 and 6.
6
What is the highest common factor of 469 and 67?
67
Calculate the greatest common divisor of 11 and 891.
11
Calculate the highest common divisor of 1100 and 88.
44
Calculate the greatest common divisor of 128 and 6016.
128
Calculate the greatest common factor of 26 and 39.
13
What is the greatest common divisor of 78 and 9?
3
What is the highest common factor of 11392 and 267?
89
What is the greatest common factor of 39 and 494?
13
Calculate the highest common factor of 17 and 15929.
17
What is the highest common factor of 23064 and 24?
24
Calculate the greatest common divisor of 2322 and 1290.
258
Calculate the highest common divisor of 255 and 195.
15
Calculate the greatest common divisor of 10502 and 472.
118
What is the greatest common factor of 1848 and 72?
24
What is the highest common divisor of 712 and 1513?
89
Calculate the greatest common factor of 539 and 154.
77
Calculate the greatest common divisor of 4 and 420.
4
What is the greatest common divisor of 16 and 12?
4
Calculate the greatest common divisor of 51 and 969.
51
What is the highest common divisor of 126 and 72?
18
Calculate the highest common factor of 60 and 420.
60
What is the greatest common factor of 26069 and 131?
131
What is the greatest common factor of 528 and 96?
48
Calculate the highest common factor of 320 and 390.
10
Calculate the greatest common divisor of 852 and 4118.
142
What is the greatest common divisor of 23824 and 32?
16
Calculate the greatest common factor of 357 and 9639.
357
What is the greatest common divisor of 672 and 128?
32
Calculate the greatest common factor of 176 and 136.
8
What is the greatest common divisor of 1292 and 68?
68
What is the greatest common factor of 81 and 54?
27
Calculate the highest common divisor of 30 and 45.
15
What is the highest common divisor of 2208 and 96?
96
Calculate the greatest common factor of 300 and 825.
75
What is the highest common divisor of 2 and 64?
2
What is the highest common factor of 2639 and 13?
13
Calculate the highest common factor of 672 and 77.
7
What is the highest common divisor of 22836 and 132?
132
Calculate the greatest common divisor of 11343 and 114.
57
What is the greatest common divisor of 122 and 9577?
61
Calculate the greatest common divisor of 621 and 23.
23
Calculate the greatest common divisor of 52 and 52.
52
Calculate the highest common factor of 272 and 986.
34
What is the highest common factor of 2369 and 23?
23
Calculate the highest common factor of 51